{"id":6733,"date":"2025-05-07T11:38:11","date_gmt":"2025-05-07T17:38:11","guid":{"rendered":"https:\/\/autoridaddelpatrimoniocultural.campeche.gob.mx\/?page_id=6733"},"modified":"2025-05-09T10:48:58","modified_gmt":"2025-05-09T16:48:58","slug":"estacion-heroe-de-nacozari","status":"publish","type":"page","link":"https:\/\/autoridaddelpatrimoniocultural.campeche.gob.mx\/?page_id=6733","title":{"rendered":"ESTACI\u00d3N H\u00c9ROE DE NACOZARI"},"content":{"rendered":"\n<figure class=\"wp-block-image size-large\"><img loading=\"lazy\" decoding=\"async\" width=\"1024\" height=\"576\" src=\"https:\/\/autoridaddelpatrimoniocultural.campeche.gob.mx\/wp-content\/uploads\/2025\/05\/WhatsApp-Image-2025-05-08-at-9.55.01-AM-1024x576.jpeg\" alt=\"\" class=\"wp-image-6763\" srcset=\"https:\/\/autoridaddelpatrimoniocultural.campeche.gob.mx\/wp-content\/uploads\/2025\/05\/WhatsApp-Image-2025-05-08-at-9.55.01-AM-980x551.jpeg 980w, https:\/\/autoridaddelpatrimoniocultural.campeche.gob.mx\/wp-content\/uploads\/2025\/05\/WhatsApp-Image-2025-05-08-at-9.55.01-AM-480x270.jpeg 480w\" sizes=\"(min-width: 0px) and (max-width: 480px) 480px, (min-width: 481px) and (max-width: 980px) 980px, (min-width: 981px) 1024px, 100vw\" \/><\/figure>\n\n\n\n<p>El retrato plasma la imagen de Jes\u00fas Garc\u00eda Corona, maquinista nacido en Sonora recordado por haber perdido la vida al salvar a la poblaci\u00f3n de Nacozari, el 7 de noviembre de 1907, cuando alej\u00f3 del pueblo un tren en llamas cargado de dinamita antes de su explosi\u00f3n.<\/p>\n\n\n\n<p>La estaci\u00f3n debe su nombre a la valent\u00eda del personaje Jes\u00fas Garc\u00eda Corona, conocido como el \u201cH\u00e9roe de Nacozari\u201d. \u00c9sta se concibi\u00f3 como una soluci\u00f3n para mejorar la movilidad de la zona, se localiza sobre una de las arterias viales m\u00e1s importantes de San Francisco de Campeche, que conecta el centro de la ciudad con el este de la urbe, hasta llegar al Perif\u00e9rico Pablo Garc\u00eda y Montilla. Tiene una extensi\u00f3n aproximada de 6 kil\u00f3metros y su construcci\u00f3n se remonta al desarrollo urbano impulsado desde mediados del siglo XX.<\/p>\n\n\n\n<p>COORDINACI\u00d3N<br>Ro Olvera Salinas<\/p>\n\n\n\n<p>INVESTIGACI\u00d3N<br>Karina Gra\u00f1a Sandoval<\/p>\n\n\n\n<p>TEXTOS<br>Ro Olvera Salinas<br>Karina Gra\u00f1a Sandoval<\/p>\n\n\n\n<p>APOYO T\u00c9CNICO<br>Yajaira Barbabosa Cruz<\/p>\n\n\n\n<p>EDICI\u00d3N Y DISE\u00d1O<br>Enrique S\u00e1nchez Que<br>Melina Ortiz Arjona<\/p>\n","protected":false},"excerpt":{"rendered":"<p>El retrato plasma la imagen de Jes\u00fas Garc\u00eda Corona, maquinista nacido en Sonora recordado por haber perdido la vida al salvar a la poblaci\u00f3n de Nacozari, el 7 de noviembre de 1907, cuando alej\u00f3 del pueblo un tren en llamas cargado de dinamita antes de su explosi\u00f3n. La estaci\u00f3n debe su nombre a la valent\u00eda [&hellip;]<\/p>\n","protected":false},"author":3,"featured_media":0,"parent":0,"menu_order":0,"comment_status":"closed","ping_status":"closed","template":"","meta":{"_acf_changed":false,"_et_pb_use_builder":"off","_et_pb_old_content":"","_et_gb_content_width":"","footnotes":""},"acf":[],"_links":{"self":[{"href":"https:\/\/autoridaddelpatrimoniocultural.campeche.gob.mx\/index.php?rest_route=\/wp\/v2\/pages\/6733"}],"collection":[{"href":"https:\/\/autoridaddelpatrimoniocultural.campeche.gob.mx\/index.php?rest_route=\/wp\/v2\/pages"}],"about":[{"href":"https:\/\/autoridaddelpatrimoniocultural.campeche.gob.mx\/index.php?rest_route=\/wp\/v2\/types\/page"}],"author":[{"embeddable":true,"href":"https:\/\/autoridaddelpatrimoniocultural.campeche.gob.mx\/index.php?rest_route=\/wp\/v2\/users\/3"}],"replies":[{"embeddable":true,"href":"https:\/\/autoridaddelpatrimoniocultural.campeche.gob.mx\/index.php?rest_route=%2Fwp%2Fv2%2Fcomments&post=6733"}],"version-history":[{"count":4,"href":"https:\/\/autoridaddelpatrimoniocultural.campeche.gob.mx\/index.php?rest_route=\/wp\/v2\/pages\/6733\/revisions"}],"predecessor-version":[{"id":6806,"href":"https:\/\/autoridaddelpatrimoniocultural.campeche.gob.mx\/index.php?rest_route=\/wp\/v2\/pages\/6733\/revisions\/6806"}],"wp:attachment":[{"href":"https:\/\/autoridaddelpatrimoniocultural.campeche.gob.mx\/index.php?rest_route=%2Fwp%2Fv2%2Fmedia&parent=6733"}],"curies":[{"name":"wp","href":"https:\/\/api.w.org\/{rel}","templated":true}]}}