{"id":6729,"date":"2025-05-07T11:37:17","date_gmt":"2025-05-07T17:37:17","guid":{"rendered":"https:\/\/autoridaddelpatrimoniocultural.campeche.gob.mx\/?page_id=6729"},"modified":"2025-05-09T10:39:18","modified_gmt":"2025-05-09T16:39:18","slug":"estacion-aeropuerto-ing-alberto-acuna","status":"publish","type":"page","link":"https:\/\/autoridaddelpatrimoniocultural.campeche.gob.mx\/?page_id=6729","title":{"rendered":"ESTACI\u00d3N AEROPUERTO ING. ALBERTO ACU\u00d1A"},"content":{"rendered":"\n<figure class=\"wp-block-image size-large\"><img loading=\"lazy\" decoding=\"async\" width=\"1024\" height=\"576\" src=\"https:\/\/autoridaddelpatrimoniocultural.campeche.gob.mx\/wp-content\/uploads\/2025\/05\/WhatsApp-Image-2025-05-08-at-9.54.40-AM-1024x576.jpeg\" alt=\"\" class=\"wp-image-6759\" srcset=\"https:\/\/autoridaddelpatrimoniocultural.campeche.gob.mx\/wp-content\/uploads\/2025\/05\/WhatsApp-Image-2025-05-08-at-9.54.40-AM-980x551.jpeg 980w, https:\/\/autoridaddelpatrimoniocultural.campeche.gob.mx\/wp-content\/uploads\/2025\/05\/WhatsApp-Image-2025-05-08-at-9.54.40-AM-480x270.jpeg 480w\" sizes=\"(min-width: 0px) and (max-width: 480px) 480px, (min-width: 481px) and (max-width: 980px) 980px, (min-width: 981px) 1024px, 100vw\" \/><\/figure>\n\n\n\n<p>Alberto Acu\u00f1a Ongay fue un distinguido campechano que destac\u00f3 por su desempe\u00f1o clave en el desarrollo y gesti\u00f3n de aeropuertos, su contribuci\u00f3n al sector lo convirti\u00f3 en un s\u00edmbolo de gran importancia su estado.<\/p>\n\n\n\n<p>Esta parada del Tren Ligero se ubica sobre la Avenida H\u00e9roe de Nacozari, a 8.2 kil\u00f3metros del Centro Hist\u00f3rico, en las inmediaciones del Aeropuerto Internacional Ingeniero Alberto Acu\u00f1a Ongay. Este aeropuerto recibi\u00f3 su nombre en 1984 a solicitud del Congreso del Estado de Campeche, ya que hasta ese momento no contaba con una designaci\u00f3n oficial.<br>Alberto Acu\u00f1a Ongay fue un distinguido campechano que prest\u00f3 notables servicios a la aeron\u00e1utica civil. \u201cEstudi\u00f3 la secundaria y preparatoria en el Instituto Campechano, en 1937 obtuvo el t\u00edtulo de ingeniero mec\u00e1nico electricista en la escuela superior de ingenier\u00eda mec\u00e1nica y el\u00e9ctrica del Instituto Polit\u00e9cnico Nacional\u2026 fue Asesor de la Secretar\u00eda de Comunicaciones y Obras P\u00fablicas de 1947 a 1955. Comandante del Aeropuerto Central de la Cd. De M\u00e9xico.\u201d<\/p>\n\n\n\n<p>En la terminal conviven tanto personal de la administraci\u00f3n como encargados de comercios y servicios. La mayor\u00eda se trasladan en veh\u00edculos privados, aunque tambi\u00e9n existe el servicio de taxis, cuyas tarifas suelen ser elevadas. En este contexto, el Tren Ligero se presenta como una alternativa accesible y eficiente.<\/p>\n\n\n\n<p>COORDINACI\u00d3N<br>Ro Olvera Salinas<\/p>\n\n\n\n<p>INVESTIGACI\u00d3N<br>Karina Gra\u00f1a Sandoval<\/p>\n\n\n\n<p>TEXTOS<br>Ro Olvera Salinas<br>Karina Gra\u00f1a Sandoval<\/p>\n\n\n\n<p>APOYO T\u00c9CNICO<br>Yajaira Barbabosa Cruz<\/p>\n\n\n\n<p>EDICI\u00d3N Y DISE\u00d1O<br>Enrique S\u00e1nchez Que<br>Melina Ortiz Arjona<\/p>\n\n\n\n<p><\/p>\n\n\n\n<p><\/p>\n","protected":false},"excerpt":{"rendered":"<p>Alberto Acu\u00f1a Ongay fue un distinguido campechano que destac\u00f3 por su desempe\u00f1o clave en el desarrollo y gesti\u00f3n de aeropuertos, su contribuci\u00f3n al sector lo convirti\u00f3 en un s\u00edmbolo de gran importancia su estado. Esta parada del Tren Ligero se ubica sobre la Avenida H\u00e9roe de Nacozari, a 8.2 kil\u00f3metros del Centro Hist\u00f3rico, en las [&hellip;]<\/p>\n","protected":false},"author":3,"featured_media":0,"parent":0,"menu_order":0,"comment_status":"closed","ping_status":"closed","template":"","meta":{"_acf_changed":false,"_et_pb_use_builder":"off","_et_pb_old_content":"","_et_gb_content_width":"","footnotes":""},"acf":[],"_links":{"self":[{"href":"https:\/\/autoridaddelpatrimoniocultural.campeche.gob.mx\/index.php?rest_route=\/wp\/v2\/pages\/6729"}],"collection":[{"href":"https:\/\/autoridaddelpatrimoniocultural.campeche.gob.mx\/index.php?rest_route=\/wp\/v2\/pages"}],"about":[{"href":"https:\/\/autoridaddelpatrimoniocultural.campeche.gob.mx\/index.php?rest_route=\/wp\/v2\/types\/page"}],"author":[{"embeddable":true,"href":"https:\/\/autoridaddelpatrimoniocultural.campeche.gob.mx\/index.php?rest_route=\/wp\/v2\/users\/3"}],"replies":[{"embeddable":true,"href":"https:\/\/autoridaddelpatrimoniocultural.campeche.gob.mx\/index.php?rest_route=%2Fwp%2Fv2%2Fcomments&post=6729"}],"version-history":[{"count":4,"href":"https:\/\/autoridaddelpatrimoniocultural.campeche.gob.mx\/index.php?rest_route=\/wp\/v2\/pages\/6729\/revisions"}],"predecessor-version":[{"id":6788,"href":"https:\/\/autoridaddelpatrimoniocultural.campeche.gob.mx\/index.php?rest_route=\/wp\/v2\/pages\/6729\/revisions\/6788"}],"wp:attachment":[{"href":"https:\/\/autoridaddelpatrimoniocultural.campeche.gob.mx\/index.php?rest_route=%2Fwp%2Fv2%2Fmedia&parent=6729"}],"curies":[{"name":"wp","href":"https:\/\/api.w.org\/{rel}","templated":true}]}}