{"id":6480,"date":"2024-05-21T09:51:49","date_gmt":"2024-05-21T15:51:49","guid":{"rendered":"https:\/\/autoridaddelpatrimoniocultural.campeche.gob.mx\/?page_id=6480"},"modified":"2025-06-05T11:39:47","modified_gmt":"2025-06-05T17:39:47","slug":"directorio","status":"publish","type":"page","link":"https:\/\/autoridaddelpatrimoniocultural.campeche.gob.mx\/?page_id=6480","title":{"rendered":"Directorio"},"content":{"rendered":"<p>[et_pb_section fb_built=&#8221;1&#8243; _builder_version=&#8221;4.25.0&#8243; _module_preset=&#8221;default&#8221; custom_padding=&#8221;||0px||false|false&#8221; global_colors_info=&#8221;{}&#8221;][et_pb_row _builder_version=&#8221;4.25.0&#8243; _module_preset=&#8221;default&#8221; global_colors_info=&#8221;{}&#8221;][et_pb_column type=&#8221;4_4&#8243; _builder_version=&#8221;4.25.0&#8243; _module_preset=&#8221;default&#8221; global_colors_info=&#8221;{}&#8221;][et_pb_text _builder_version=&#8221;4.25.0&#8243; _module_preset=&#8221;default&#8221; text_font=&#8221;|600|||||||&#8221; header_font=&#8221;|700|||||||&#8221; header_text_align=&#8221;center&#8221; header_text_color=&#8221;#691C32&#8243; header_font_size=&#8221;35px&#8221; global_colors_info=&#8221;{}&#8221;]<\/p>\n<h1 style=\"text-align: center;\">Directorio<\/h1>\n<p>[\/et_pb_text][et_pb_divider _builder_version=&#8221;4.25.0&#8243; _module_preset=&#8221;default&#8221; global_colors_info=&#8221;{}&#8221;][\/et_pb_divider][\/et_pb_column][\/et_pb_row][\/et_pb_section][et_pb_section fb_built=&#8221;1&#8243; _builder_version=&#8221;4.25.0&#8243; _module_preset=&#8221;default&#8221; custom_padding=&#8221;0px||||false|false&#8221; global_colors_info=&#8221;{}&#8221;][et_pb_row _builder_version=&#8221;4.25.0&#8243; _module_preset=&#8221;default&#8221; global_colors_info=&#8221;{}&#8221;][et_pb_column type=&#8221;4_4&#8243; _builder_version=&#8221;4.25.0&#8243; _module_preset=&#8221;default&#8221; global_colors_info=&#8221;{}&#8221;][et_pb_blurb title=&#8221;Rosa del Carmen Olvera Salinas&#8221; use_icon=&#8221;on&#8221; font_icon=&#8221;&#xf007;||fa||900&#8243; icon_placement=&#8221;left&#8221; image_icon_width=&#8221;36px&#8221; _builder_version=&#8221;4.25.0&#8243; _module_preset=&#8221;default&#8221; global_colors_info=&#8221;{}&#8221;]<\/p>\n<div id=\"div_block-75-245\" class=\"ct-div-block\">\n<div id=\"div_block-67-245\" class=\"ct-div-block\">\n<div id=\"text_block-66-245\" class=\"ct-text-block\">Directora General de la Autoridad del Patrimonio Cultural del Estado de Campeche.<\/div>\n<\/div>\n<\/div>\n<p>[\/et_pb_blurb][et_pb_blurb title=&#8221;Jos\u00e9 Ram\u00f3n Ertze Encinas&#8221; use_icon=&#8221;on&#8221; font_icon=&#8221;&#xf007;||fa||900&#8243; icon_placement=&#8221;left&#8221; image_icon_width=&#8221;36px&#8221; _builder_version=&#8221;4.27.4&#8243; _module_preset=&#8221;default&#8221; global_colors_info=&#8221;{}&#8221;]<\/p>\n<div id=\"div_block-75-245\" class=\"ct-div-block\">\n<div id=\"div_block-67-245\" class=\"ct-div-block\">\n<div id=\"text_block-66-245\" class=\"ct-text-block\">\n<div id=\"div_block-98-245\" class=\"ct-div-block\">\n<div id=\"div_block-102-245\" class=\"ct-div-block\">\n<div id=\"text_block-103-245\" class=\"ct-text-block\">Titular de la Unidad de Coordinaci\u00f3n del Patrimonio Cultural.<\/div>\n<\/div>\n<\/div>\n<\/div>\n<\/div>\n<\/div>\n<p>[\/et_pb_blurb][et_pb_blurb title=&#8221;Sara Ang\u00e9lica Marentes Sanch\u00e9z&#8221; use_icon=&#8221;on&#8221; font_icon=&#8221;&#xf007;||fa||900&#8243; icon_placement=&#8221;left&#8221; image_icon_width=&#8221;36px&#8221; _builder_version=&#8221;4.27.4&#8243; _module_preset=&#8221;default&#8221; global_colors_info=&#8221;{}&#8221;]<\/p>\n<div id=\"div_block-75-245\" class=\"ct-div-block\">\n<div id=\"div_block-67-245\" class=\"ct-div-block\">\n<div id=\"text_block-66-245\" class=\"ct-text-block\">\n<div id=\"div_block-92-245\" class=\"ct-div-block\">\n<div id=\"div_block-96-245\" class=\"ct-div-block\">\n<div id=\"text_block-97-245\" class=\"ct-text-block\">Titular de la Unidad de Gesti\u00f3n del Patrimonio Cultural.<\/div>\n<\/div>\n<\/div>\n<\/div>\n<\/div>\n<\/div>\n<p>[\/et_pb_blurb][et_pb_blurb title=&#8221;Lucy Concepci\u00f3n Chan Miss&#8221; use_icon=&#8221;on&#8221; font_icon=&#8221;&#xf007;||fa||900&#8243; icon_placement=&#8221;left&#8221; image_icon_width=&#8221;36px&#8221; _builder_version=&#8221;4.27.4&#8243; _module_preset=&#8221;default&#8221; global_colors_info=&#8221;{}&#8221;]<\/p>\n<div id=\"div_block-75-245\" class=\"ct-div-block\">\n<div id=\"div_block-67-245\" class=\"ct-div-block\">\n<div id=\"text_block-66-245\" class=\"ct-text-block\">\n<div id=\"div_block-253-245\" class=\"ct-div-block\">\n<div id=\"div_block-257-245\" class=\"ct-div-block\">\n<div id=\"text_block-258-245\" class=\"ct-text-block\">Directora de Patrimonio Cultural Material e Inmaterial.<\/div>\n<\/div>\n<\/div>\n<div id=\"div_block-104-245\" class=\"ct-div-block\">\n<div id=\"div_block-105-245\" class=\"ct-div-block\">\n<div id=\"fancy_icon-106-245\" class=\"ct-fancy-icon\"><\/div>\n<\/div>\n<\/div>\n<\/div>\n<\/div>\n<\/div>\n<p>[\/et_pb_blurb][et_pb_blurb title=&#8221;Enrique Manuel Guadalupe S\u00e1nchez Que&#8221; use_icon=&#8221;on&#8221; font_icon=&#8221;&#xf007;||fa||900&#8243; icon_placement=&#8221;left&#8221; image_icon_width=&#8221;36px&#8221; _builder_version=&#8221;4.25.0&#8243; _module_preset=&#8221;default&#8221; global_colors_info=&#8221;{}&#8221;]<\/p>\n<div id=\"div_block-75-245\" class=\"ct-div-block\">\n<div id=\"div_block-67-245\" class=\"ct-div-block\">\n<div id=\"text_block-66-245\" class=\"ct-text-block\">\n<div id=\"div_block-104-245\" class=\"ct-div-block\">\n<div id=\"div_block-108-245\" class=\"ct-div-block\">\n<div id=\"text_block-109-245\" class=\"ct-text-block\">Director de Desarrollo y Divulgaci\u00f3n del Patrimonio Cultural.<\/div>\n<\/div>\n<\/div>\n<\/div>\n<\/div>\n<\/div>\n<p>[\/et_pb_blurb][et_pb_blurb title=&#8221;Enma Julia Chan Lastra&#8221; use_icon=&#8221;on&#8221; font_icon=&#8221;&#xf007;||fa||900&#8243; icon_placement=&#8221;left&#8221; image_icon_width=&#8221;36px&#8221; _builder_version=&#8221;4.27.4&#8243; _module_preset=&#8221;default&#8221; custom_padding=&#8221;0px|||||&#8221; global_colors_info=&#8221;{}&#8221;]<\/p>\n<div id=\"div_block-260-245\" class=\"ct-div-block\">\n<div id=\"div_block-264-245\" class=\"ct-div-block\">\n<div id=\"text_block-265-245\" class=\"ct-text-block\">Titular del \u00c1<span>rea Jur\u00eddica.<\/span><\/div>\n<\/div>\n<\/div>\n<p>[\/et_pb_blurb][et_pb_blurb title=&#8221;Gerardo Pasos Palma&#8221; use_icon=&#8221;on&#8221; font_icon=&#8221;&#xf007;||fa||900&#8243; icon_placement=&#8221;left&#8221; image_icon_width=&#8221;36px&#8221; _builder_version=&#8221;4.27.4&#8243; _module_preset=&#8221;default&#8221; global_colors_info=&#8221;{}&#8221;]<\/p>\n<div id=\"div_block-116-245\" class=\"ct-div-block\">\n<div id=\"div_block-120-245\" class=\"ct-div-block\">\n<div id=\"text_block-121-245\" class=\"ct-text-block\">Encargado de la Unidad Coordinadora de Archivos.<\/div>\n<\/div>\n<\/div>\n<p>[\/et_pb_blurb][et_pb_blurb title=&#8221;Rosalicia Custodio Hidalgo&#8221; use_icon=&#8221;on&#8221; font_icon=&#8221;&#xf007;||fa||900&#8243; icon_placement=&#8221;left&#8221; image_icon_width=&#8221;36px&#8221; _builder_version=&#8221;4.27.4&#8243; _module_preset=&#8221;default&#8221; hover_enabled=&#8221;0&#8243; global_colors_info=&#8221;{}&#8221; sticky_enabled=&#8221;0&#8243;]<\/p>\n<div id=\"div_block-275-245\" class=\"ct-div-block\">\n<div id=\"div_block-279-245\" class=\"ct-div-block\">\n<div id=\"text_block-280-245\" class=\"ct-text-block\">Encargada de la Unidad de Transparencia y de la Unidad de Igualdad Sustantiva.<\/div>\n<\/div>\n<\/div>\n<p>[\/et_pb_blurb][\/et_pb_column][\/et_pb_row][\/et_pb_section]<\/p>\n","protected":false},"excerpt":{"rendered":"<p>Directorio Directora General de la Autoridad del Patrimonio Cultural del Estado de Campeche. Titular de la Unidad de Coordinaci\u00f3n del Patrimonio Cultural. Titular de la Unidad de Gesti\u00f3n del Patrimonio Cultural. Directora de Patrimonio Cultural Material e Inmaterial. Director de Desarrollo y Divulgaci\u00f3n del Patrimonio Cultural. Titular del \u00c1rea Jur\u00eddica. Encargado de la Unidad Coordinadora [&hellip;]<\/p>\n","protected":false},"author":1,"featured_media":0,"parent":0,"menu_order":0,"comment_status":"closed","ping_status":"closed","template":"","meta":{"_acf_changed":false,"_et_pb_use_builder":"on","_et_pb_old_content":"","_et_gb_content_width":"","footnotes":""},"acf":[],"_links":{"self":[{"href":"https:\/\/autoridaddelpatrimoniocultural.campeche.gob.mx\/index.php?rest_route=\/wp\/v2\/pages\/6480"}],"collection":[{"href":"https:\/\/autoridaddelpatrimoniocultural.campeche.gob.mx\/index.php?rest_route=\/wp\/v2\/pages"}],"about":[{"href":"https:\/\/autoridaddelpatrimoniocultural.campeche.gob.mx\/index.php?rest_route=\/wp\/v2\/types\/page"}],"author":[{"embeddable":true,"href":"https:\/\/autoridaddelpatrimoniocultural.campeche.gob.mx\/index.php?rest_route=\/wp\/v2\/users\/1"}],"replies":[{"embeddable":true,"href":"https:\/\/autoridaddelpatrimoniocultural.campeche.gob.mx\/index.php?rest_route=%2Fwp%2Fv2%2Fcomments&post=6480"}],"version-history":[{"count":7,"href":"https:\/\/autoridaddelpatrimoniocultural.campeche.gob.mx\/index.php?rest_route=\/wp\/v2\/pages\/6480\/revisions"}],"predecessor-version":[{"id":6934,"href":"https:\/\/autoridaddelpatrimoniocultural.campeche.gob.mx\/index.php?rest_route=\/wp\/v2\/pages\/6480\/revisions\/6934"}],"wp:attachment":[{"href":"https:\/\/autoridaddelpatrimoniocultural.campeche.gob.mx\/index.php?rest_route=%2Fwp%2Fv2%2Fmedia&parent=6480"}],"curies":[{"name":"wp","href":"https:\/\/api.w.org\/{rel}","templated":true}]}}

<p>[et_pb_section fb_built=&#8221;1&#8243; _builder_version=&#8221;4.25.0&#8243; _module_preset=&#8221;default&#8221; custom_padding=&#8221;||0px||false|false&#8221; global_colors_info=&#8221;{}&#8221;][et_pb_row _builder_version=&#8221;4.25.0&#8243; _module_preset=&#8221;default&#8221; global_colors_info=&#8221;{}&#8221;][et_pb_column type=&#8221;4_4&#8243; _builder_version=&#8221;4.25.0&#8243; _module_preset=&#8221;default&#8221; global_colors_info=&#8221;{}&#8221;][et_pb_text _builder_version=&#8221;4.25.0&#8243; _module_preset=&#8221;default&#8221; text_font=&#8221;|600|||||||&#8221; header_font=&#8221;|700|||||||&#8221; header_text_align=&#8221;center&#8221; header_text_color=&#8221;#691C32&#8243; header_font_size=&#8221;35px&#8221; global_colors_info=&#8221;{}&#8221;]</p>
<h1 style="text-align: center;">Directorio</h1>
<p>[/et_pb_text][et_pb_divider _builder_version=&#8221;4.25.0&#8243; _module_preset=&#8221;default&#8221; global_colors_info=&#8221;{}&#8221;][/et_pb_divider][/et_pb_column][/et_pb_row][/et_pb_section][et_pb_section fb_built=&#8221;1&#8243; _builder_version=&#8221;4.25.0&#8243; _module_preset=&#8221;default&#8221; custom_padding=&#8221;0px||||false|false&#8221; global_colors_info=&#8221;{}&#8221;][et_pb_row _builder_version=&#8221;4.25.0&#8243; _module_preset=&#8221;default&#8221; global_colors_info=&#8221;{}&#8221;][et_pb_column type=&#8221;4_4&#8243; _builder_version=&#8221;4.25.0&#8243; _module_preset=&#8221;default&#8221; global_colors_info=&#8221;{}&#8221;][et_pb_blurb title=&#8221;Rosa del Carmen Olvera Salinas&#8221; use_icon=&#8221;on&#8221; font_icon=&#8221;&#xf007;||fa||900&#8243; icon_placement=&#8221;left&#8221; image_icon_width=&#8221;36px&#8221; _builder_version=&#8221;4.25.0&#8243; _module_preset=&#8221;default&#8221; global_colors_info=&#8221;{}&#8221;]</p>
<div id="div_block-75-245" class="ct-div-block">
<div id="div_block-67-245" class="ct-div-block">
<div id="text_block-66-245" class="ct-text-block">Directora General de la Autoridad del Patrimonio Cultural del Estado de Campeche.</div>
</div>
</div>
<p>[/et_pb_blurb][et_pb_blurb title=&#8221;José Ramón Ertze Encinas&#8221; use_icon=&#8221;on&#8221; font_icon=&#8221;&#xf007;||fa||900&#8243; icon_placement=&#8221;left&#8221; image_icon_width=&#8221;36px&#8221; _builder_version=&#8221;4.27.4&#8243; _module_preset=&#8221;default&#8221; global_colors_info=&#8221;{}&#8221;]</p>
<div id="div_block-75-245" class="ct-div-block">
<div id="div_block-67-245" class="ct-div-block">
<div id="text_block-66-245" class="ct-text-block">
<div id="div_block-98-245" class="ct-div-block">
<div id="div_block-102-245" class="ct-div-block">
<div id="text_block-103-245" class="ct-text-block">Titular de la Unidad de Coordinación del Patrimonio Cultural.</div>
</div>
</div>
</div>
</div>
</div>
<p>[/et_pb_blurb][et_pb_blurb title=&#8221;Sara Angélica Marentes Sanchéz&#8221; use_icon=&#8221;on&#8221; font_icon=&#8221;&#xf007;||fa||900&#8243; icon_placement=&#8221;left&#8221; image_icon_width=&#8221;36px&#8221; _builder_version=&#8221;4.27.4&#8243; _module_preset=&#8221;default&#8221; global_colors_info=&#8221;{}&#8221;]</p>
<div id="div_block-75-245" class="ct-div-block">
<div id="div_block-67-245" class="ct-div-block">
<div id="text_block-66-245" class="ct-text-block">
<div id="div_block-92-245" class="ct-div-block">
<div id="div_block-96-245" class="ct-div-block">
<div id="text_block-97-245" class="ct-text-block">Titular de la Unidad de Gestión del Patrimonio Cultural.</div>
</div>
</div>
</div>
</div>
</div>
<p>[/et_pb_blurb][et_pb_blurb title=&#8221;Lucy Concepción Chan Miss&#8221; use_icon=&#8221;on&#8221; font_icon=&#8221;&#xf007;||fa||900&#8243; icon_placement=&#8221;left&#8221; image_icon_width=&#8221;36px&#8221; _builder_version=&#8221;4.27.4&#8243; _module_preset=&#8221;default&#8221; global_colors_info=&#8221;{}&#8221;]</p>
<div id="div_block-75-245" class="ct-div-block">
<div id="div_block-67-245" class="ct-div-block">
<div id="text_block-66-245" class="ct-text-block">
<div id="div_block-253-245" class="ct-div-block">
<div id="div_block-257-245" class="ct-div-block">
<div id="text_block-258-245" class="ct-text-block">Directora de Patrimonio Cultural Material e Inmaterial.</div>
</div>
</div>
<div id="div_block-104-245" class="ct-div-block">
<div id="div_block-105-245" class="ct-div-block">
<div id="fancy_icon-106-245" class="ct-fancy-icon"></div>
</div>
</div>
</div>
</div>
</div>
<p>[/et_pb_blurb][et_pb_blurb title=&#8221;Enrique Manuel Guadalupe Sánchez Que&#8221; use_icon=&#8221;on&#8221; font_icon=&#8221;&#xf007;||fa||900&#8243; icon_placement=&#8221;left&#8221; image_icon_width=&#8221;36px&#8221; _builder_version=&#8221;4.25.0&#8243; _module_preset=&#8221;default&#8221; global_colors_info=&#8221;{}&#8221;]</p>
<div id="div_block-75-245" class="ct-div-block">
<div id="div_block-67-245" class="ct-div-block">
<div id="text_block-66-245" class="ct-text-block">
<div id="div_block-104-245" class="ct-div-block">
<div id="div_block-108-245" class="ct-div-block">
<div id="text_block-109-245" class="ct-text-block">Director de Desarrollo y Divulgación del Patrimonio Cultural.</div>
</div>
</div>
</div>
</div>
</div>
<p>[/et_pb_blurb][et_pb_blurb title=&#8221;Enma Julia Chan Lastra&#8221; use_icon=&#8221;on&#8221; font_icon=&#8221;&#xf007;||fa||900&#8243; icon_placement=&#8221;left&#8221; image_icon_width=&#8221;36px&#8221; _builder_version=&#8221;4.27.4&#8243; _module_preset=&#8221;default&#8221; custom_padding=&#8221;0px|||||&#8221; global_colors_info=&#8221;{}&#8221;]</p>
<div id="div_block-260-245" class="ct-div-block">
<div id="div_block-264-245" class="ct-div-block">
<div id="text_block-265-245" class="ct-text-block">Titular del Á<span>rea Jurídica.</span></div>
</div>
</div>
<p>[/et_pb_blurb][et_pb_blurb title=&#8221;Gerardo Pasos Palma&#8221; use_icon=&#8221;on&#8221; font_icon=&#8221;&#xf007;||fa||900&#8243; icon_placement=&#8221;left&#8221; image_icon_width=&#8221;36px&#8221; _builder_version=&#8221;4.27.4&#8243; _module_preset=&#8221;default&#8221; global_colors_info=&#8221;{}&#8221;]</p>
<div id="div_block-116-245" class="ct-div-block">
<div id="div_block-120-245" class="ct-div-block">
<div id="text_block-121-245" class="ct-text-block">Encargado de la Unidad Coordinadora de Archivos.</div>
</div>
</div>
<p>[/et_pb_blurb][et_pb_blurb title=&#8221;Rosalicia Custodio Hidalgo&#8221; use_icon=&#8221;on&#8221; font_icon=&#8221;&#xf007;||fa||900&#8243; icon_placement=&#8221;left&#8221; image_icon_width=&#8221;36px&#8221; _builder_version=&#8221;4.27.4&#8243; _module_preset=&#8221;default&#8221; hover_enabled=&#8221;0&#8243; global_colors_info=&#8221;{}&#8221; sticky_enabled=&#8221;0&#8243;]</p>
<div id="div_block-275-245" class="ct-div-block">
<div id="div_block-279-245" class="ct-div-block">
<div id="text_block-280-245" class="ct-text-block">Encargada de la Unidad de Transparencia y de la Unidad de Igualdad Sustantiva.</div>
</div>
</div>
<p>[/et_pb_blurb][/et_pb_column][/et_pb_row][/et_pb_section]</p>

<p>Directorio Directora General de la Autoridad del Patrimonio Cultural del Estado de Campeche. Titular de la Unidad de Coordinación del Patrimonio Cultural. Titular de la Unidad de Gestión del Patrimonio Cultural. Directora de Patrimonio Cultural Material e Inmaterial. Director de Desarrollo y Divulgación del Patrimonio Cultural. Titular del Área Jurídica. Encargado de la Unidad Coordinadora [&hellip;]</p>
